{"id":6113,"date":"2023-01-21T16:06:31","date_gmt":"2023-01-21T15:06:31","guid":{"rendered":"https:\/\/www.ljud.si\/slo\/?page_id=6113"},"modified":"2023-01-21T16:25:40","modified_gmt":"2023-01-21T15:25:40","slug":"kud-ljud","status":"publish","type":"page","link":"https:\/\/www.ljud.si\/slo\/en\/kud-ljud\/","title":{"rendered":"KUD Ljud"},"content":{"rendered":"<section class=\"wpb-content-wrapper\"><p>[vc_row full_width=&#8221;stretch_row&#8221;][vc_column]<section  id=\"single-69e4b8215da9b\" \n\t\t\t\t\t\tclass=\"header-single vertical-flex m0 image-bg parallax pt180 pb180 pt-xs-80 pb-xs-80\" \n\t\t\t\t\t\tstyle=\"\"><div class=\"background-content\"><img width=\"1024\" height=\"683\" src=\"https:\/\/www.ljud.si\/slo\/wp-content\/uploads\/2019\/07\/2018-Mestne-metamorfoze_by-FotoBele\u017enica-16.jpg\" class=\"background-image\" alt=\"\" decoding=\"async\" loading=\"lazy\" srcset=\"https:\/\/www.ljud.si\/slo\/wp-content\/uploads\/2019\/07\/2018-Mestne-metamorfoze_by-FotoBele\u017enica-16.jpg 1024w, https:\/\/www.ljud.si\/slo\/wp-content\/uploads\/2019\/07\/2018-Mestne-metamorfoze_by-FotoBele\u017enica-16-150x100.jpg 150w, https:\/\/www.ljud.si\/slo\/wp-content\/uploads\/2019\/07\/2018-Mestne-metamorfoze_by-FotoBele\u017enica-16-300x200.jpg 300w\" sizes=\"(max-width: 1024px) 100vw, 1024px\" \/><div  class=\"background-overlay\"><\/div><\/div><div  class=\"container vertical-flex-column item-content \">\n\t\t\t            \t<div class=\"row\"><div class=\"standard-slide p0 col-lg-12 col-lg-offset-0 col-md-10 col-md-offset-1 col-sm-12 text-center\"><div style=\"text-shadow:none;text-transform: none!important;\" class=\"lead\">KUD Ljud<\/div><h1 style=\"text-shadow:none;text-transform: none!important;font-family:La Belle Aurore;font-weight:400;font-style:normal;color:#ffffff!important;\" class=\"heading-title-bold\">We believe in theatre as a \u201cliving\u201d phenomenon that must be in direct contact with the present times.<\/h1><div style=\"text-shadow:none;text-transform: none!important;\" class=\"heading-content\"><\/div>\n                <\/div><\/div>\n\t\t\t            <\/div><\/section><script type=\"text\/javascript\">jQuery(document).ready(function(){jQuery('head').append('<style type=\"text\/css\" id=\"tlg-custom-css-single-69e4b8215da9b\">@font-face {font-family:\"La Belle Aurore\"; src:url(\"\/\/fonts.gstatic.com\/s\/labelleaurore\/v7\/Irdbc4ASuUoWDjd_Wc3md123K2iuuhwZgaKapkyRTY8.ttf\");}#btn-69e4b8215da9d:hover, #btn-69e4b8215da9d:focus{color:#eeeeee!important;}<\/style>');});<\/script>[\/vc_column][\/vc_row][vc_row full_width=&#8221;stretch_row&#8221; tlg_padding=&#8221;pt0 pb0&#8243; css=&#8221;.vc_custom_1477472847939{padding-top: 5% !important;padding-right: 7% !important;padding-bottom: 5% !important;padding-left: 7% !important;}&#8221;][vc_column]<div id=\"blog-69e4b8215fe3b\" class=\"\"><div class=\"row mb40 grid-blog\"><div class=\"col-sm-4 col-xs-12 mb32 mb-xs-24\">\n    <div class=\"boxed-intro overflow-hidden bg-white heavy-shadow zoom-hover\">\r\n                <div class=\"intro-image overflow-hidden relative\">\r\n                <a href=\"https:\/\/www.ljud.si\/slo\/projekti-test-mind-your-body-2\/\">\r\n                                            <img width=\"600\" height=\"450\" src=\"https:\/\/www.ljud.si\/slo\/wp-content\/uploads\/2023\/10\/IMG_1772-600x450.jpg\" class=\"attachment-wanium_grid size-wanium_grid wp-post-image\" alt=\"\" decoding=\"async\" loading=\"lazy\" srcset=\"https:\/\/www.ljud.si\/slo\/wp-content\/uploads\/2023\/10\/IMG_1772-600x450.jpg 600w, https:\/\/www.ljud.si\/slo\/wp-content\/uploads\/2023\/10\/IMG_1772-960x720.jpg 960w\" sizes=\"(max-width: 600px) 100vw, 600px\" \/>                                                        <\/a>\r\n            <\/div>\r\n                <div class=\"intro-content\">\r\n            <div class=\"widgetsubtitle mb16\"><span class=\"inline-block inline-cat\"><a href=\"https:\/\/www.ljud.si\/slo\/category\/novice\/\" rel=\"category tag\">Novice<\/a><\/span><\/div>\r\n            <a href=\"https:\/\/www.ljud.si\/slo\/projekti-test-mind-your-body-2\/\">\r\n                <h5 class=\"widgettitle dark-color mb16\">MIND YOUR BODY<\/h5>            <\/a>\r\n            <p>Oktobra 2022 smo v okviru Kulturno \u2013 umetni\u0161kega dru\u0161tva Ljud izvedli 6-dnevno mednarodno usposabljanje za mladinske&#8230;<\/p>\n            <div class=\"entry-meta mb8 mt-xs-32 border-top overflow-hidden\">\r\n                                    <span class=\"inline-block widgetsubtitle\">by <a href=\"https:\/\/www.ljud.si\/slo\/author\/ljud\/\" title=\"Posts by KUD Ljud\" rel=\"author\">KUD Ljud<\/a><\/span>\r\n                                                        <div class=\"tlg-likes-button static-icon inline-block tlg-likes-normal\">\n        \t<a href=\"#\" class=\"tlg-likes\" id=\"tlg-likes-6195\" title=\"Love this\">\n        \t\t<i class=\"ti-heart\"><\/i><span class=\"like-share-name\">0<span> like<\/span><\/span>        \t<\/a>\n        <\/div>\n                    <\/div>\r\n        <\/div>\r\n        <\/div><\/div><div class=\"col-sm-4 col-xs-12 mb32 mb-xs-24\">\n    <div class=\"boxed-intro overflow-hidden bg-white heavy-shadow zoom-hover\">\r\n            <div class=\"intro-content\">\r\n            <div class=\"widgetsubtitle mb16\"><span class=\"inline-block inline-cat\"><a href=\"https:\/\/www.ljud.si\/slo\/category\/novice\/\" rel=\"category tag\">Novice<\/a><\/span><\/div>\r\n            <a href=\"https:\/\/www.ljud.si\/slo\/ljudov-laboratorij-in-kulturna-svetovalnica-v-2023\/\">\r\n                <h5 class=\"widgettitle dark-color mb16\">LJUDOV LABORATORIJ in KULTURNA SVETOVALNICA v 2023<\/h5>            <\/a>\r\n            <p>Brezpla\u010dne in odprte delavnice fizi\u010dnega in interaktivnega gledali\u0161\u010da Ljudov laboratorij in kulturno svetovanje mladim, ki \u017ee&#8230;<\/p>\n            <div class=\"entry-meta mb8 mt-xs-32 border-top overflow-hidden\">\r\n                                    <span class=\"inline-block widgetsubtitle\">by <a href=\"https:\/\/www.ljud.si\/slo\/author\/ljud\/\" title=\"Posts by KUD Ljud\" rel=\"author\">KUD Ljud<\/a><\/span>\r\n                                                        <div class=\"tlg-likes-button static-icon inline-block tlg-likes-normal\">\n        \t<a href=\"#\" class=\"tlg-likes\" id=\"tlg-likes-6156\" title=\"Love this\">\n        \t\t<i class=\"ti-heart\"><\/i><span class=\"like-share-name\">1<span> like<\/span><\/span>        \t<\/a>\n        <\/div>\n                    <\/div>\r\n        <\/div>\r\n        <\/div><\/div><div class=\"col-sm-4 col-xs-12 mb32 mb-xs-24\">\n    <div class=\"boxed-intro overflow-hidden bg-white heavy-shadow zoom-hover\">\r\n            <div class=\"intro-content\">\r\n            <div class=\"widgetsubtitle mb16\"><span class=\"inline-block inline-cat\"><a href=\"https:\/\/www.ljud.si\/slo\/en\/category\/uncategorized-en\/\" rel=\"category tag\">Uncategorized<\/a><\/span><\/div>\r\n            <a href=\"https:\/\/www.ljud.si\/slo\/en\/riote-3-books-2\/\">\r\n                <h5 class=\"widgettitle dark-color mb16\">RIOTE 3 books<\/h5>            <\/a>\r\n            <p>RIOTE 3 (Rural Inclusive Outdoor Theatre Education), a partnership of eight organisations from seven countries, has&#8230;<\/p>\n            <div class=\"entry-meta mb8 mt-xs-32 border-top overflow-hidden\">\r\n                                    <span class=\"inline-block widgetsubtitle\">by <a href=\"https:\/\/www.ljud.si\/slo\/author\/ljud\/\" title=\"Posts by KUD Ljud\" rel=\"author\">KUD Ljud<\/a><\/span>\r\n                                                        <div class=\"tlg-likes-button static-icon inline-block tlg-likes-normal\">\n        \t<a href=\"#\" class=\"tlg-likes\" id=\"tlg-likes-6153\" title=\"Love this\">\n        \t\t<i class=\"ti-heart\"><\/i><span class=\"like-share-name\">1<span> like<\/span><\/span>        \t<\/a>\n        <\/div>\n                    <\/div>\r\n        <\/div>\r\n        <\/div><\/div><\/div><div class=\"row mb40 grid-blog\"><div class=\"col-sm-4 col-xs-12 mb32 mb-xs-24\">\n    <div class=\"boxed-intro overflow-hidden bg-white heavy-shadow zoom-hover\">\r\n            <div class=\"intro-content\">\r\n            <div class=\"widgetsubtitle mb16\"><span class=\"inline-block inline-cat\"><a href=\"https:\/\/www.ljud.si\/slo\/category\/novice\/\" rel=\"category tag\">Novice<\/a><\/span><\/div>\r\n            <a href=\"https:\/\/www.ljud.si\/slo\/riote-3-5\/\">\r\n                <h5 class=\"widgettitle dark-color mb16\">RIOTE 3 knjige<\/h5>            <\/a>\r\n            <p>RIOTE 3 (Rural Inclusive outdoor Theatre Education) partnerstvo osmih organizacij iz sedmih dr\u017eav se je zaklju\u010dilo&#8230;<\/p>\n            <div class=\"entry-meta mb8 mt-xs-32 border-top overflow-hidden\">\r\n                                    <span class=\"inline-block widgetsubtitle\">by <a href=\"https:\/\/www.ljud.si\/slo\/author\/ljud\/\" title=\"Posts by KUD Ljud\" rel=\"author\">KUD Ljud<\/a><\/span>\r\n                                                        <div class=\"tlg-likes-button static-icon inline-block tlg-likes-normal\">\n        \t<a href=\"#\" class=\"tlg-likes\" id=\"tlg-likes-6134\" title=\"Love this\">\n        \t\t<i class=\"ti-heart\"><\/i><span class=\"like-share-name\">0<span> like<\/span><\/span>        \t<\/a>\n        <\/div>\n                    <\/div>\r\n        <\/div>\r\n        <\/div><\/div><div class=\"col-sm-4 col-xs-12 mb32 mb-xs-24\">\n    <div class=\"boxed-intro overflow-hidden bg-white heavy-shadow zoom-hover\">\r\n            <div class=\"intro-content\">\r\n            <div class=\"widgetsubtitle mb16\"><span class=\"inline-block inline-cat\"><a href=\"https:\/\/www.ljud.si\/slo\/en\/category\/uncategorized-en\/\" rel=\"category tag\">Uncategorized<\/a><\/span><\/div>\r\n            <a href=\"https:\/\/www.ljud.si\/slo\/en\/conference\/\">\r\n                <h5 class=\"widgettitle dark-color mb16\">CONFERENCE<\/h5>            <\/a>\r\n            <p>KUD Ljud in cooperation with\u00a0Slovenian Theatre Institute\u00a0invites you to the conference on the theatre in public&#8230;<\/p>\n            <div class=\"entry-meta mb8 mt-xs-32 border-top overflow-hidden\">\r\n                                    <span class=\"inline-block widgetsubtitle\">by <a href=\"https:\/\/www.ljud.si\/slo\/author\/primoss\/\" title=\"Posts by primoss\" rel=\"author\">primoss<\/a><\/span>\r\n                                                        <div class=\"tlg-likes-button static-icon inline-block tlg-likes-normal\">\n        \t<a href=\"#\" class=\"tlg-likes\" id=\"tlg-likes-6104\" title=\"Love this\">\n        \t\t<i class=\"ti-heart\"><\/i><span class=\"like-share-name\">0<span> like<\/span><\/span>        \t<\/a>\n        <\/div>\n                    <\/div>\r\n        <\/div>\r\n        <\/div><\/div><div class=\"col-sm-4 col-xs-12 mb32 mb-xs-24\">\n    <div class=\"boxed-intro overflow-hidden bg-white heavy-shadow zoom-hover\">\r\n            <div class=\"intro-content\">\r\n            <div class=\"widgetsubtitle mb16\"><span class=\"inline-block inline-cat\"><a href=\"https:\/\/www.ljud.si\/slo\/en\/category\/uncategorized-en\/\" rel=\"category tag\">Uncategorized<\/a><\/span><\/div>\r\n            <a href=\"https:\/\/www.ljud.si\/slo\/en\/the-book\/\">\r\n                <h5 class=\"widgettitle dark-color mb16\">The Book<\/h5>            <\/a>\r\n            <p>We are happy to present Why Don\u2019t We Do It in the Road: A Personal Guide&#8230;<\/p>\n            <div class=\"entry-meta mb8 mt-xs-32 border-top overflow-hidden\">\r\n                                    <span class=\"inline-block widgetsubtitle\">by <a href=\"https:\/\/www.ljud.si\/slo\/author\/primoss\/\" title=\"Posts by primoss\" rel=\"author\">primoss<\/a><\/span>\r\n                                                        <div class=\"tlg-likes-button static-icon inline-block tlg-likes-normal\">\n        \t<a href=\"#\" class=\"tlg-likes\" id=\"tlg-likes-6101\" title=\"Love this\">\n        \t\t<i class=\"ti-heart\"><\/i><span class=\"like-share-name\">1<span> like<\/span><\/span>        \t<\/a>\n        <\/div>\n                    <\/div>\r\n        <\/div>\r\n        <\/div><\/div><\/div><div class=\"row mb40 grid-blog\"><div class=\"col-sm-4 col-xs-12 mb32 mb-xs-24\">\n    <div class=\"boxed-intro overflow-hidden bg-white heavy-shadow zoom-hover\">\r\n            <div class=\"intro-content\">\r\n            <div class=\"widgetsubtitle mb16\"><span class=\"inline-block inline-cat\"><a href=\"https:\/\/www.ljud.si\/slo\/en\/category\/uncategorized-en\/\" rel=\"category tag\">Uncategorized<\/a><\/span><\/div>\r\n            <a href=\"https:\/\/www.ljud.si\/slo\/en\/a-trio-of-short-films\/\">\r\n                <h5 class=\"widgettitle dark-color mb16\">A TRIO OF SHORT FILMS<\/h5>            <\/a>\r\n            <p>After 2 years of co-operation, the RIOTE2 project (Rural inclusive outdoor theatre education) has come to&#8230;<\/p>\n            <div class=\"entry-meta mb8 mt-xs-32 border-top overflow-hidden\">\r\n                                    <span class=\"inline-block widgetsubtitle\">by <a href=\"https:\/\/www.ljud.si\/slo\/author\/primoss\/\" title=\"Posts by primoss\" rel=\"author\">primoss<\/a><\/span>\r\n                                                        <div class=\"tlg-likes-button static-icon inline-block tlg-likes-normal\">\n        \t<a href=\"#\" class=\"tlg-likes\" id=\"tlg-likes-6097\" title=\"Love this\">\n        \t\t<i class=\"ti-heart\"><\/i><span class=\"like-share-name\">0<span> like<\/span><\/span>        \t<\/a>\n        <\/div>\n                    <\/div>\r\n        <\/div>\r\n        <\/div><\/div><div class=\"col-sm-4 col-xs-12 mb32 mb-xs-24\">\n    <div class=\"boxed-intro overflow-hidden bg-white heavy-shadow zoom-hover\">\r\n            <div class=\"intro-content\">\r\n            <div class=\"widgetsubtitle mb16\"><span class=\"inline-block inline-cat\"><a href=\"https:\/\/www.ljud.si\/slo\/en\/category\/uncategorized-en\/\" rel=\"category tag\">Uncategorized<\/a><\/span><\/div>\r\n            <a href=\"https:\/\/www.ljud.si\/slo\/en\/culture-to-door\/\">\r\n                <h5 class=\"widgettitle dark-color mb16\">CULTURE TO DOOR<\/h5>            <\/a>\r\n            <p>\u00bbCulture to door\u00ab, a project by Zavod Bufeto and Kud Ljud, searches for new groups of&#8230;<\/p>\n            <div class=\"entry-meta mb8 mt-xs-32 border-top overflow-hidden\">\r\n                                    <span class=\"inline-block widgetsubtitle\">by <a href=\"https:\/\/www.ljud.si\/slo\/author\/primoss\/\" title=\"Posts by primoss\" rel=\"author\">primoss<\/a><\/span>\r\n                                                        <div class=\"tlg-likes-button static-icon inline-block tlg-likes-normal\">\n        \t<a href=\"#\" class=\"tlg-likes\" id=\"tlg-likes-6094\" title=\"Love this\">\n        \t\t<i class=\"ti-heart\"><\/i><span class=\"like-share-name\">0<span> like<\/span><\/span>        \t<\/a>\n        <\/div>\n                    <\/div>\r\n        <\/div>\r\n        <\/div><\/div><div class=\"col-sm-4 col-xs-12 mb32 mb-xs-24\">\n    <div class=\"boxed-intro overflow-hidden bg-white heavy-shadow zoom-hover\">\r\n            <div class=\"intro-content\">\r\n            <div class=\"widgetsubtitle mb16\"><span class=\"inline-block inline-cat\"><a href=\"https:\/\/www.ljud.si\/slo\/en\/category\/uncategorized-en\/\" rel=\"category tag\">Uncategorized<\/a><\/span><\/div>\r\n            <a href=\"https:\/\/www.ljud.si\/slo\/en\/riote-3-4\/\">\r\n                <h5 class=\"widgettitle dark-color mb16\">RIOTE 3<\/h5>            <\/a>\r\n            <p>From October 2020 on Ljud continues to co-create European project RIOTE 3 (Rural Inclusive Outdoor Theater&#8230;<\/p>\n            <div class=\"entry-meta mb8 mt-xs-32 border-top overflow-hidden\">\r\n                                    <span class=\"inline-block widgetsubtitle\">by <a href=\"https:\/\/www.ljud.si\/slo\/author\/primoss\/\" title=\"Posts by primoss\" rel=\"author\">primoss<\/a><\/span>\r\n                                                        <div class=\"tlg-likes-button static-icon inline-block tlg-likes-normal\">\n        \t<a href=\"#\" class=\"tlg-likes\" id=\"tlg-likes-6091\" title=\"Love this\">\n        \t\t<i class=\"ti-heart\"><\/i><span class=\"like-share-name\">0<span> like<\/span><\/span>        \t<\/a>\n        <\/div>\n                    <\/div>\r\n        <\/div>\r\n        <\/div><\/div><\/div><\/div>[\/vc_column][\/vc_row]<\/p>\n<\/section>","protected":false},"excerpt":{"rendered":"<p>[vc_row full_width=&#8221;stretch_row&#8221;][vc_column][\/vc_column][\/vc_row][vc_row full_width=&#8221;stretch_row&#8221; tlg_padding=&#8221;pt0 pb0&#8243; css=&#8221;.vc_custom_1477472847939{padding-top: 5% !important;padding-right: 7% !important;padding-bottom: 5% !important;padding-left: 7% !important;}&#8221;][vc_column][\/vc_column][\/vc_row]<\/p>\n","protected":false},"author":4,"featured_media":0,"parent":0,"menu_order":0,"comment_status":"closed","ping_status":"closed","template":"","meta":[],"_links":{"self":[{"href":"https:\/\/www.ljud.si\/slo\/wp-json\/wp\/v2\/pages\/6113"}],"collection":[{"href":"https:\/\/www.ljud.si\/slo\/wp-json\/wp\/v2\/pages"}],"about":[{"href":"https:\/\/www.ljud.si\/slo\/wp-json\/wp\/v2\/types\/page"}],"author":[{"embeddable":true,"href":"https:\/\/www.ljud.si\/slo\/wp-json\/wp\/v2\/users\/4"}],"replies":[{"embeddable":true,"href":"https:\/\/www.ljud.si\/slo\/wp-json\/wp\/v2\/comments?post=6113"}],"version-history":[{"count":1,"href":"https:\/\/www.ljud.si\/slo\/wp-json\/wp\/v2\/pages\/6113\/revisions"}],"predecessor-version":[{"id":6114,"href":"https:\/\/www.ljud.si\/slo\/wp-json\/wp\/v2\/pages\/6113\/revisions\/6114"}],"wp:attachment":[{"href":"https:\/\/www.ljud.si\/slo\/wp-json\/wp\/v2\/media?parent=6113"}],"curies":[{"name":"wp","href":"https:\/\/api.w.org\/{rel}","templated":true}]}}