{"id":478,"date":"2010-01-07T16:50:38","date_gmt":"2010-01-07T14:50:38","guid":{"rendered":"http:\/\/www.ljud.si\/slo\/?page_id=478"},"modified":"2012-10-09T17:45:33","modified_gmt":"2012-10-09T15:45:33","slug":"videovideo","status":"publish","type":"page","link":"https:\/\/www.ljud.si\/slo\/projekti\/videovideo\/","title":{"rendered":"<!--:sl-->Video<!--:--><!--:en-->Video<!--:-->"},"content":{"rendered":"<p><!--:sl--><\/p>\n<h2>Elektri\u010dne invazije<\/h2>\n<p><object width=\"520\" height=\"293\" data=\"http:\/\/vimeo.com\/moogaloop.swf?clip_id=9358381&amp;server=vimeo.com&amp;show_title=1&amp;show_byline=0&amp;show_portrait=0&amp;color=ffa561&amp;fullscreen=1\" type=\"application\/x-shockwave-flash\"><param name=\"allowfullscreen\" value=\"true\" \/><param name=\"allowscriptaccess\" value=\"always\" \/><param name=\"src\" value=\"http:\/\/vimeo.com\/moogaloop.swf?clip_id=9358381&amp;server=vimeo.com&amp;show_title=1&amp;show_byline=0&amp;show_portrait=0&amp;color=ffa561&amp;fullscreen=1\" \/><\/object><\/p>\n<p>Celotedenski poseg v javni prostor, ki vklu\u010duje prostorsko in\u0161talacijo (pristanek vesoljske ladje), delavnice (iskanja notranjih \u010dudakov) in interaktiven gledali\u0161ki &#8220;happening&#8221; (prvi izstop medplanetarne odprave nezemljanovna na\u0161ih tleh) provokativno razpira pere\u010da vpra\u0161anja medkulturne dru\u017ebe in konvencij vedenja v javnem prostoru.<\/p>\n<p><img decoding=\"async\" loading=\"lazy\" class=\"alignnone size-full wp-image-150\" title=\"crtka\" src=\"https:\/\/www.ljud.si\/slo\/wp-content\/uploads\/2009\/04\/crtka.jpg\" alt=\"crtka\" width=\"600\" height=\"12\" srcset=\"https:\/\/www.ljud.si\/slo\/wp-content\/uploads\/2009\/04\/crtka.jpg 600w, https:\/\/www.ljud.si\/slo\/wp-content\/uploads\/2009\/04\/crtka-300x6.jpg 300w\" sizes=\"(max-width: 600px) 100vw, 600px\" \/><\/p>\n<p><span style=\"color: #ffffff;\">.<\/span><\/p>\n<h2>Gra\u0161ka \u010distilna akcija<\/h2>\n<p><object width=\"520\" height=\"293\" data=\"http:\/\/vimeo.com\/moogaloop.swf?clip_id=12200799&amp;server=vimeo.com&amp;show_title=1&amp;show_byline=0&amp;show_portrait=0&amp;color=ffa561&amp;fullscreen=1\" type=\"application\/x-shockwave-flash\"><param name=\"allowfullscreen\" value=\"true\" \/><param name=\"allowscriptaccess\" value=\"always\" \/><param name=\"src\" value=\"http:\/\/vimeo.com\/moogaloop.swf?clip_id=12200799&amp;server=vimeo.com&amp;show_title=1&amp;show_byline=0&amp;show_portrait=0&amp;color=ffa561&amp;fullscreen=1\" \/><\/object><br \/>\nLjudovci so zamudili akcijo &#8220;O\u010distimo Slovenijo v enem dnevu&#8221;, zato pa so se odlo\u010dili, da bodo k \u010disto\u010di prispevali na svojevrsten na\u010din in celoten Graz po\u010distili v samo 45 minutah&#8230;<\/p>\n<p>Mesto in Gra\u010dani so bili o\u010di\u0161\u010deni v okviru pouli\u010dnega dogajanja Lendwirbel.<\/p>\n<p><img decoding=\"async\" loading=\"lazy\" class=\"alignnone size-full wp-image-150\" title=\"crtka\" src=\"https:\/\/www.ljud.si\/slo\/wp-content\/uploads\/2009\/04\/crtka.jpg\" alt=\"crtka\" width=\"600\" height=\"12\" srcset=\"https:\/\/www.ljud.si\/slo\/wp-content\/uploads\/2009\/04\/crtka.jpg 600w, https:\/\/www.ljud.si\/slo\/wp-content\/uploads\/2009\/04\/crtka-300x6.jpg 300w\" sizes=\"(max-width: 600px) 100vw, 600px\" \/><\/p>\n<h2><span style=\"color: #ffffff;\">.<\/span><\/h2>\n<h2>Osvajanje mesta!<\/h2>\n<p><object width=\"520\" height=\"293\" data=\"http:\/\/vimeo.com\/moogaloop.swf?clip_id=6649963&amp;server=vimeo.com&amp;show_title=1&amp;show_byline=0&amp;show_portrait=0&amp;color=ff9933&amp;fullscreen=1\" type=\"application\/x-shockwave-flash\"><param name=\"allowfullscreen\" value=\"true\" \/><param name=\"allowscriptaccess\" value=\"always\" \/><param name=\"src\" value=\"http:\/\/vimeo.com\/moogaloop.swf?clip_id=6649963&amp;server=vimeo.com&amp;show_title=1&amp;show_byline=0&amp;show_portrait=0&amp;color=ff9933&amp;fullscreen=1\" \/><\/object><\/p>\n<p>\u010clani skupine Ljud za eno popoldne osvojijo javni prostor plo\u0161\u010dadi Ajdov\u0161\u010dina s svojimi zasebnimi vsebinami&#8230;<\/p>\n<p><img decoding=\"async\" loading=\"lazy\" class=\"alignnone size-full wp-image-150\" title=\"crtka\" src=\"https:\/\/www.ljud.si\/slo\/wp-content\/uploads\/2009\/04\/crtka.jpg\" alt=\"crtka\" width=\"600\" height=\"12\" srcset=\"https:\/\/www.ljud.si\/slo\/wp-content\/uploads\/2009\/04\/crtka.jpg 600w, https:\/\/www.ljud.si\/slo\/wp-content\/uploads\/2009\/04\/crtka-300x6.jpg 300w\" sizes=\"(max-width: 600px) 100vw, 600px\" \/><\/p>\n<p><span style=\"color: #ffffff;\">.<\/span><\/p>\n<h2>Kaj ti je, deklica?<\/h2>\n<p><object width=\"480\" height=\"389\" data=\"http:\/\/www.youtube.com\/v\/PDktrx6HBX8&amp;hl=en_US&amp;fs=1&amp;\" type=\"application\/x-shockwave-flash\"><param name=\"allowFullScreen\" value=\"true\" \/><param name=\"allowscriptaccess\" value=\"always\" \/><param name=\"src\" value=\"http:\/\/www.youtube.com\/v\/PDktrx6HBX8&amp;hl=en_US&amp;fs=1&amp;\" \/><param name=\"allowfullscreen\" value=\"true\" \/><\/object><\/p>\n<p>V tradiciji commedie dell arte so ustvarjalci na sodoben potujo\u010di oder postavili gledali\u0161ke predelave slovenskih ljudskih pesmi podprte s petjem in \u017eivo glasbo. Predstava je gostovala na vseh ve\u010djih uli\u010dnih festivalih v Sloveniji, prejela Harlekina za najbolj\u0161o glavno mo\u0161ko in stransko \u017eensko vlogo.<\/p>\n<p><img decoding=\"async\" loading=\"lazy\" class=\"alignnone size-full wp-image-150\" title=\"crtka\" src=\"https:\/\/www.ljud.si\/slo\/wp-content\/uploads\/2009\/04\/crtka.jpg\" alt=\"crtka\" width=\"600\" height=\"12\" srcset=\"https:\/\/www.ljud.si\/slo\/wp-content\/uploads\/2009\/04\/crtka.jpg 600w, https:\/\/www.ljud.si\/slo\/wp-content\/uploads\/2009\/04\/crtka-300x6.jpg 300w\" sizes=\"(max-width: 600px) 100vw, 600px\" \/><\/p>\n<p><span style=\"color: #ffffff;\"><br \/>\n<\/span><\/p>\n<h2><span style=\"color: #ffffff;\"><span style=\"color: #000000;\">Ju\u017eni otok &#8211; odlomki iz filma<\/span><\/span><\/h2>\n<p><object width=\"480\" height=\"389\" data=\"http:\/\/www.youtube.com\/v\/YPXQin4dRAg&amp;hl=en_US&amp;fs=1&amp;\" type=\"application\/x-shockwave-flash\"><param name=\"allowFullScreen\" value=\"true\" \/><param name=\"allowscriptaccess\" value=\"always\" \/><param name=\"src\" value=\"http:\/\/www.youtube.com\/v\/YPXQin4dRAg&amp;hl=en_US&amp;fs=1&amp;\" \/><param name=\"allowfullscreen\" value=\"true\" \/><\/object><\/p>\n<p>Nema fantasti\u010dna burleska, posneta po motivih istoimenske pesmi K. Kovi\u010da na otoku Mljetu na Hrva\u0161kem v produkciji KUD Ljud. Ustvarjalci so s projekcijo barvnega nemega filma ob \u017eivi spremljavi tambura\u0161kega orkestra in igralske animacije v urbanem okolju ustvarili pristno oto\u0161ko atmosfero.<\/p>\n<p><img decoding=\"async\" loading=\"lazy\" class=\"alignnone size-full wp-image-150\" title=\"crtka\" src=\"https:\/\/www.ljud.si\/slo\/wp-content\/uploads\/2009\/04\/crtka.jpg\" alt=\"crtka\" width=\"600\" height=\"12\" srcset=\"https:\/\/www.ljud.si\/slo\/wp-content\/uploads\/2009\/04\/crtka.jpg 600w, https:\/\/www.ljud.si\/slo\/wp-content\/uploads\/2009\/04\/crtka-300x6.jpg 300w\" sizes=\"(max-width: 600px) 100vw, 600px\" \/><\/p>\n<p><span style=\"color: #ffffff;\">.<\/span><\/p>\n<h2>Ciklus Ljud &#8211; odlomki iz predstave<\/h2>\n<p><object width=\"480\" height=\"389\" data=\"http:\/\/www.youtube.com\/v\/U1UFnzO688c&amp;hl=en_US&amp;fs=1&amp;\" type=\"application\/x-shockwave-flash\"><param name=\"allowFullScreen\" value=\"true\" \/><param name=\"allowscriptaccess\" value=\"always\" \/><param name=\"src\" value=\"http:\/\/www.youtube.com\/v\/U1UFnzO688c&amp;hl=en_US&amp;fs=1&amp;\" \/><param name=\"allowfullscreen\" value=\"true\" \/><\/object><\/p>\n<p>Ciklus \u0161tirih premier z eno ponovitvijo (Cirkus Ljud, Biti John Barth, Smrt Koruna in Dejanje s klobukom) je iz\u0161el iz potrebe po osvobajanju gledali\u0161kega procesa in lastnih umetni\u0161kih integritet spon akademskega in privzetega. V duhu prijemov postmodernizma Ciklus Ljud odpira vrata gledali\u0161\u010da in se razliva v vsakdan. Predstave so pri publiki dosegle navdu\u0161ujo\u010d odziv.<\/p>\n<p><img decoding=\"async\" loading=\"lazy\" class=\"alignnone size-full wp-image-150\" title=\"crtka\" src=\"https:\/\/www.ljud.si\/slo\/wp-content\/uploads\/2009\/04\/crtka.jpg\" alt=\"crtka\" width=\"600\" height=\"12\" srcset=\"https:\/\/www.ljud.si\/slo\/wp-content\/uploads\/2009\/04\/crtka.jpg 600w, https:\/\/www.ljud.si\/slo\/wp-content\/uploads\/2009\/04\/crtka-300x6.jpg 300w\" sizes=\"(max-width: 600px) 100vw, 600px\" \/><\/p>\n<p><span style=\"color: #ffffff;\">.<\/span><\/p>\n<h2>Nos<\/h2>\n<p><object width=\"480\" height=\"389\" data=\"http:\/\/www.dailymotion.com\/swf\/x4azsg\" type=\"application\/x-shockwave-flash\"><param name=\"allowFullScreen\" value=\"true\" \/><param name=\"allowScriptAccess\" value=\"always\" \/><param name=\"src\" value=\"http:\/\/www.dailymotion.com\/swf\/x4azsg\" \/><param name=\"allowfullscreen\" value=\"true\" \/><\/object><br \/>\n<strong><br \/>\n<\/strong>Predstava Nos je nastala v produkciji gledali\u0161\u010da Glej, KUD Ljud je pri predstavi sodeloval kot re\u017eiser in oblikovalec lu\u010di.<\/p>\n<p><img decoding=\"async\" loading=\"lazy\" class=\"alignnone size-full wp-image-150\" title=\"crtka\" src=\"https:\/\/www.ljud.si\/slo\/wp-content\/uploads\/2009\/04\/crtka.jpg\" alt=\"crtka\" width=\"600\" height=\"12\" srcset=\"https:\/\/www.ljud.si\/slo\/wp-content\/uploads\/2009\/04\/crtka.jpg 600w, https:\/\/www.ljud.si\/slo\/wp-content\/uploads\/2009\/04\/crtka-300x6.jpg 300w\" sizes=\"(max-width: 600px) 100vw, 600px\" \/><\/p>\n<p><span style=\"color: #ffffff;\"><br \/>\n<\/span><!--:--><!--:en--><\/p>\n<h2>Electric Invasions<\/h2>\n<p><object width=\"520\" height=\"293\" data=\"http:\/\/vimeo.com\/moogaloop.swf?clip_id=9358381&amp;server=vimeo.com&amp;show_title=1&amp;show_byline=0&amp;show_portrait=0&amp;color=ffa561&amp;fullscreen=1\" type=\"application\/x-shockwave-flash\"><param name=\"allowfullscreen\" value=\"true\" \/><param name=\"allowscriptaccess\" value=\"always\" \/><param name=\"src\" value=\"http:\/\/vimeo.com\/moogaloop.swf?clip_id=9358381&amp;server=vimeo.com&amp;show_title=1&amp;show_byline=0&amp;show_portrait=0&amp;color=ffa561&amp;fullscreen=1\" \/><\/object><\/p>\n<p>They are here &#8230;<br \/>\nA week long intervention in the public space, which includes a spatial installation (the landed spaceship), theatrical workshops (discovering your inner alien) and an interactive theatrical happening (the first contact between earth and an interplanetary space expedition). The project is examining questions of intercultural societies and conventions of behavior in the public space through playful interactive theater.<\/p>\n<p><img decoding=\"async\" loading=\"lazy\" class=\"alignnone size-full wp-image-150\" title=\"crtka\" src=\"https:\/\/www.ljud.si\/slo\/wp-content\/uploads\/2009\/04\/crtka.jpg\" alt=\"crtka\" width=\"600\" height=\"12\" srcset=\"https:\/\/www.ljud.si\/slo\/wp-content\/uploads\/2009\/04\/crtka.jpg 600w, https:\/\/www.ljud.si\/slo\/wp-content\/uploads\/2009\/04\/crtka-300x6.jpg 300w\" sizes=\"(max-width: 600px) 100vw, 600px\" \/><\/p>\n<p><span style=\"color: #ffffff;\">.<\/span><\/p>\n<h2>Graz cleaning action<\/h2>\n<p><object width=\"520\" height=\"293\" data=\"http:\/\/vimeo.com\/moogaloop.swf?clip_id=12200799&amp;server=vimeo.com&amp;show_title=1&amp;show_byline=0&amp;show_portrait=0&amp;color=ffa561&amp;fullscreen=1\" type=\"application\/x-shockwave-flash\"><param name=\"allowfullscreen\" value=\"true\" \/><param name=\"allowscriptaccess\" value=\"always\" \/><param name=\"src\" value=\"http:\/\/vimeo.com\/moogaloop.swf?clip_id=12200799&amp;server=vimeo.com&amp;show_title=1&amp;show_byline=0&amp;show_portrait=0&amp;color=ffa561&amp;fullscreen=1\" \/><\/object><\/p>\n<p>The Ljud&#8217;s missed the &#8220;Cleaning Slovenia in one day&#8221; action but they decided to contribute in their own special way by cleaning the entire city of Graz in just 45 minutes&#8230;<\/p>\n<p>The city and its inhabitants were cleaned as part of the Lendwirbel street event.<\/p>\n<p><img decoding=\"async\" loading=\"lazy\" class=\"alignnone size-full wp-image-150\" title=\"crtka\" src=\"https:\/\/www.ljud.si\/slo\/wp-content\/uploads\/2009\/04\/crtka.jpg\" alt=\"crtka\" width=\"600\" height=\"12\" srcset=\"https:\/\/www.ljud.si\/slo\/wp-content\/uploads\/2009\/04\/crtka.jpg 600w, https:\/\/www.ljud.si\/slo\/wp-content\/uploads\/2009\/04\/crtka-300x6.jpg 300w\" sizes=\"(max-width: 600px) 100vw, 600px\" \/><\/p>\n<p><span style=\"color: #ffffff;\">.<\/span><\/p>\n<h2>Conquering the city<\/h2>\n<p><object width=\"520\" height=\"293\" data=\"http:\/\/vimeo.com\/moogaloop.swf?clip_id=6649963&amp;server=vimeo.com&amp;show_title=1&amp;show_byline=0&amp;show_portrait=0&amp;color=ff9933&amp;fullscreen=1\" type=\"application\/x-shockwave-flash\"><param name=\"allowfullscreen\" value=\"true\" \/><param name=\"allowscriptaccess\" value=\"always\" \/><param name=\"src\" value=\"http:\/\/vimeo.com\/moogaloop.swf?clip_id=6649963&amp;server=vimeo.com&amp;show_title=1&amp;show_byline=0&amp;show_portrait=0&amp;color=ff9933&amp;fullscreen=1\" \/><\/object><\/p>\n<p>One afternoon the members of the Ljud group take over the public space of the Ajdov\u0161\u010dina platform with their private activities&#8230;<\/p>\n<p><img decoding=\"async\" loading=\"lazy\" class=\"alignnone size-full wp-image-150\" title=\"crtka\" src=\"https:\/\/www.ljud.si\/slo\/wp-content\/uploads\/2009\/04\/crtka.jpg\" alt=\"crtka\" width=\"600\" height=\"12\" srcset=\"https:\/\/www.ljud.si\/slo\/wp-content\/uploads\/2009\/04\/crtka.jpg 600w, https:\/\/www.ljud.si\/slo\/wp-content\/uploads\/2009\/04\/crtka-300x6.jpg 300w\" sizes=\"(max-width: 600px) 100vw, 600px\" \/><\/p>\n<p><span style=\"color: #ffffff;\">.<\/span><\/p>\n<h2>What&#8217;s up little girl?<\/h2>\n<p><object width=\"480\" height=\"389\" data=\"http:\/\/www.youtube.com\/v\/PDktrx6HBX8&amp;hl=en_US&amp;fs=1&amp;\" type=\"application\/x-shockwave-flash\"><param name=\"allowFullScreen\" value=\"true\" \/><param name=\"allowscriptaccess\" value=\"always\" \/><param name=\"src\" value=\"http:\/\/www.youtube.com\/v\/PDktrx6HBX8&amp;hl=en_US&amp;fs=1&amp;\" \/><param name=\"allowfullscreen\" value=\"true\" \/><\/object><\/p>\n<p>A traveling performance with live music, based on Slovenian national folk songs in the tradition of commedie dell arte groups.<\/p>\n<p><img decoding=\"async\" loading=\"lazy\" class=\"alignnone size-full wp-image-150\" title=\"crtka\" src=\"https:\/\/www.ljud.si\/slo\/wp-content\/uploads\/2009\/04\/crtka.jpg\" alt=\"crtka\" width=\"600\" height=\"12\" srcset=\"https:\/\/www.ljud.si\/slo\/wp-content\/uploads\/2009\/04\/crtka.jpg 600w, https:\/\/www.ljud.si\/slo\/wp-content\/uploads\/2009\/04\/crtka-300x6.jpg 300w\" sizes=\"(max-width: 600px) 100vw, 600px\" \/><\/p>\n<p><span style=\"color: #ffffff;\">.<\/span><\/p>\n<h2>Southern island &#8211; scenes from the film<\/h2>\n<p><object width=\"480\" height=\"389\" data=\"http:\/\/www.youtube.com\/v\/YPXQin4dRAg&amp;hl=en_US&amp;fs=1&amp;\" type=\"application\/x-shockwave-flash\"><param name=\"allowFullScreen\" value=\"true\" \/><param name=\"allowscriptaccess\" value=\"always\" \/><param name=\"src\" value=\"http:\/\/www.youtube.com\/v\/YPXQin4dRAg&amp;hl=en_US&amp;fs=1&amp;\" \/><param name=\"allowfullscreen\" value=\"true\" \/><\/object><\/p>\n<p>A silent film burlesque with live musical accompaniment of a dalmatian ethnic orchestra.<\/p>\n<p><img decoding=\"async\" loading=\"lazy\" class=\"alignnone size-full wp-image-150\" title=\"crtka\" src=\"https:\/\/www.ljud.si\/slo\/wp-content\/uploads\/2009\/04\/crtka.jpg\" alt=\"crtka\" width=\"600\" height=\"12\" srcset=\"https:\/\/www.ljud.si\/slo\/wp-content\/uploads\/2009\/04\/crtka.jpg 600w, https:\/\/www.ljud.si\/slo\/wp-content\/uploads\/2009\/04\/crtka-300x6.jpg 300w\" sizes=\"(max-width: 600px) 100vw, 600px\" \/><\/p>\n<p><span style=\"color: #ffffff;\">.<\/span><\/p>\n<h2>Ciklus Ljud<\/h2>\n<p><object width=\"480\" height=\"389\" data=\"http:\/\/www.youtube.com\/v\/U1UFnzO688c&amp;hl=en_US&amp;fs=1&amp;\" type=\"application\/x-shockwave-flash\"><param name=\"allowFullScreen\" value=\"true\" \/><param name=\"allowscriptaccess\" value=\"always\" \/><param name=\"src\" value=\"http:\/\/www.youtube.com\/v\/U1UFnzO688c&amp;hl=en_US&amp;fs=1&amp;\" \/><param name=\"allowfullscreen\" value=\"true\" \/><\/object><\/p>\n<p>An experimental theatrical cicle of four premieres and one repeat performance (Circus Ljud, Being John Barth, The death of Korun and The act with the hat).<\/p>\n<p><img decoding=\"async\" loading=\"lazy\" class=\"alignnone size-full wp-image-150\" title=\"crtka\" src=\"https:\/\/www.ljud.si\/slo\/wp-content\/uploads\/2009\/04\/crtka.jpg\" alt=\"crtka\" width=\"600\" height=\"12\" srcset=\"https:\/\/www.ljud.si\/slo\/wp-content\/uploads\/2009\/04\/crtka.jpg 600w, https:\/\/www.ljud.si\/slo\/wp-content\/uploads\/2009\/04\/crtka-300x6.jpg 300w\" sizes=\"(max-width: 600px) 100vw, 600px\" \/><\/p>\n<p><span style=\"color: #ffffff;\">.<\/span><\/p>\n<h2><span style=\"color: #333333;\">Nose<\/span><\/h2>\n<p><object width=\"480\" height=\"389\" data=\"http:\/\/www.dailymotion.com\/swf\/x4azsg\" type=\"application\/x-shockwave-flash\"><param name=\"allowFullScreen\" value=\"true\" \/><param name=\"allowScriptAccess\" value=\"always\" \/><param name=\"src\" value=\"http:\/\/www.dailymotion.com\/swf\/x4azsg\" \/><param name=\"allowfullscreen\" value=\"true\" \/><\/object><strong><br \/>\n<\/strong><\/p>\n<p>The performance Nose was produced in theater Glej in cooperation with KUD Ljud&#8217;s members (directing and light designing).<\/p>\n<p><img decoding=\"async\" loading=\"lazy\" class=\"alignnone size-full wp-image-150\" title=\"crtka\" src=\"https:\/\/www.ljud.si\/slo\/wp-content\/uploads\/2009\/04\/crtka.jpg\" alt=\"crtka\" width=\"600\" height=\"12\" srcset=\"https:\/\/www.ljud.si\/slo\/wp-content\/uploads\/2009\/04\/crtka.jpg 600w, https:\/\/www.ljud.si\/slo\/wp-content\/uploads\/2009\/04\/crtka-300x6.jpg 300w\" sizes=\"(max-width: 600px) 100vw, 600px\" \/><\/p>\n<p><span style=\"color: #ffffff;\">.<\/span><\/p>\n<p><strong><br \/>\n<\/strong><em><a href=\"http:\/\/www.dailymotion.com\/us\/channel\/creation\"><\/a><\/em><!--:--><\/p>\n","protected":false},"excerpt":{"rendered":"<p>Elektri\u010dne invazije Celotedenski poseg v javni prostor, ki vklu\u010duje prostorsko in\u0161talacijo (pristanek vesoljske ladje), delavnice (iskanja&#8230;<\/p>\n","protected":false},"author":3,"featured_media":0,"parent":10,"menu_order":0,"comment_status":"closed","ping_status":"closed","template":"","meta":[],"_links":{"self":[{"href":"https:\/\/www.ljud.si\/slo\/wp-json\/wp\/v2\/pages\/478"}],"collection":[{"href":"https:\/\/www.ljud.si\/slo\/wp-json\/wp\/v2\/pages"}],"about":[{"href":"https:\/\/www.ljud.si\/slo\/wp-json\/wp\/v2\/types\/page"}],"author":[{"embeddable":true,"href":"https:\/\/www.ljud.si\/slo\/wp-json\/wp\/v2\/users\/3"}],"replies":[{"embeddable":true,"href":"https:\/\/www.ljud.si\/slo\/wp-json\/wp\/v2\/comments?post=478"}],"version-history":[{"count":46,"href":"https:\/\/www.ljud.si\/slo\/wp-json\/wp\/v2\/pages\/478\/revisions"}],"predecessor-version":[{"id":646,"href":"https:\/\/www.ljud.si\/slo\/wp-json\/wp\/v2\/pages\/478\/revisions\/646"}],"up":[{"embeddable":true,"href":"https:\/\/www.ljud.si\/slo\/wp-json\/wp\/v2\/pages\/10"}],"wp:attachment":[{"href":"https:\/\/www.ljud.si\/slo\/wp-json\/wp\/v2\/media?parent=478"}],"curies":[{"name":"wp","href":"https:\/\/api.w.org\/{rel}","templated":true}]}}